59
List the prime factors of 20298.
2, 3, 17, 199
What are the prime factors of 1378?
2, 13, 53
What are the prime factors of 1004?
2, 251
What are the prime factors of 1712?
2, 107
What are the prime factors of 26822?
2, 13411
What are the prime factors of 98053?
31, 3163
List the prime factors of 44610.
2, 3, 5, 1487
List the prime factors of 32459.
7, 4637
What are the prime factors of 51975?
3, 5, 7, 11
List the prime factors of 15901.
15901
What are the prime factors of 1889?
1889
What are the prime factors of 34724?
2, 8681
List the prime factors of 1190.
2, 5, 7, 17
List the prime factors of 600.
2, 3, 5
What are the prime factors of 1146?
2, 3, 191
What are the prime factors of 876?
2, 3, 73
What are the prime factors of 1004?
2, 251
List the prime factors of 398.
2, 199
List the prime factors of 12652.
2, 3163
List the prime factors of 35545.
5, 7109
List the prime factors of 10206.
2, 3, 7
What are the prime factors of 11549?
11549
What are the prime factors of 50778?
2, 3, 7, 13, 31
List the prime factors of 10125.
3, 5
What are the prime factors of 120120?
2, 3, 5, 7, 11, 13
What are the prime factors of 1463?
7, 11, 19
What are the prime factors of 1887?
3, 17, 37
List the prime factors of 55437.
3, 17, 1087
What are the prime factors of 32237?
32237
List the prime factors of 3949.
11, 359
List the prime factors of 10651.
10651
What are the prime factors of 2171?
13, 167
List the prime factors of 20.
2, 5
What are the prime factors of 10646?
2, 5323
What are the prime factors of 2648?
2, 331
What are the prime factors of 7689?
3, 11, 233
What are the prime factors of 12168?
2, 3, 13
List the prime factors of 98784.
2, 3, 7
List the prime factors of 11282.
2, 5641
What are the prime factors of 86570?
2, 5, 11, 787
What are the prime factors of 11885?
5, 2377
List the prime factors of 52730.
2, 5, 5273
List the prime factors of 406.
2, 7, 29
List the prime factors of 27526.
2, 13763
What are the prime factors of 2916?
2, 3
What are the prime factors of 740?
2, 5, 37
List the prime factors of 126671.
197, 643
List the prime factors of 781.
11, 71
List the prime factors of 45672.
2, 3, 11, 173
List the prime factors of 391.
17, 23
What are the prime factors of 4193?
7, 599
What are the prime factors of 9038?
2, 4519
What are the prime factors of 99?
3, 11
What are the prime factors of 21971?
127, 173
List the prime factors of 5226.
2, 3, 13, 67
What are the prime factors of 26715?
3, 5, 13, 137
List the prime factors of 2620.
2, 5, 131
What are the prime factors of 31980?
2, 3, 5, 13, 41
What are the prime factors of 2093?
7, 13, 23
List the prime factors of 1499.
1499
What are the prime factors of 851?
23, 37
List the prime factors of 52836.
2, 3, 7, 17, 37
What are the prime factors of 7030?
2, 5, 19, 37
What are the prime factors of 315?
3, 5, 7
List the prime factors of 77590.
2, 5, 7759
List the prime factors of 6725.
5, 269
List the prime factors of 485.
5, 97
What are the prime factors of 65660?
2, 5, 7, 67
What are the prime factors of 178363?
173, 1031
List the prime factors of 3059.
7, 19, 23
List the prime factors of 1455.
3, 5, 97
List the prime factors of 56628.
2, 3, 11, 13
What are the prime factors of 2936?
2, 367
List the prime factors of 21735.
3, 5, 7, 23
List the prime factors of 127352.
2, 15919
What are the prime factors of 15444?
2, 3, 11, 13
What are the prime factors of 55436?
2, 13859
List the prime factors of 13423.
31, 433
What are the prime factors of 4929?
3, 31, 53
List the prime factors of 124444.
2, 53, 587
What are the prime factors of 18134?
2, 9067
What are the prime factors of 43247?
59, 733
List the prime factors of 673.
673
List the prime factors of 1687.
7, 241
List the prime factors of 435.
3, 5, 29
List the prime factors of 6775.
5, 271
What are the prime factors of 6976?
2, 109
What are the prime factors of 7673?
7673
What are the prime factors of 1278?
2, 3, 71
List the prime factors of 14273.
7, 2039
List the prime factors of 6171.
3, 11, 17
List the prime factors of 3700.
2, 5, 37
What are the prime factors of 499?
499
What are the prime factors of 29264?
2, 31, 59
List the prime factors of 13110.
2, 3, 5, 19, 23
What are the prime factors of 8263?
8263
List the prime factors of 1353.
3, 11, 41
List the prime factors of 76143.
3, 17, 1493
What are the prime factors of 10796?
2, 2699
List the prime factors of 121404.
2, 3, 67, 151
What are the prime factors of 72?
2, 3
What are the prime factors of 10?
2, 5
What are the prime factors of 5933?
17, 349
List the prime factors of 34776.
2, 3, 7, 23
What are the prime factors of 64246?
2, 7, 13, 353
What are the prime factors of 4545?
3, 5, 101
What are the prime factors of 8836?
2, 47
List the prime factors of 14678.
2, 41, 179
What are the prime factors of 418?
2, 11, 19
What are the prime factors of 3813?
3, 31, 41
What are the prime factors of 327?
3, 109
List the prime factors of 39468.
2, 3, 11, 13, 23
List the prime factors of 11847.
3, 11, 359
List the prime factors of 8632.
2, 13, 83
What are the prime factors of 1221?
3, 11, 37
What are the prime factors of 4047?
3, 19, 71
List the prime factors of 87.
3, 29
List the prime factors of 12350.
2, 5, 13, 19
What are the prime factors of 1187?
1187
List the prime factors of 7156.
2, 1789
What are the prime factors of 2581?
29, 89
What are the prime factors of 5389?
17, 317
What are the prime factors of 304?
2, 19
What are the prime factors of 1475?
5, 59
What are the prime factors of 31339?
7, 11, 37
What are the prime factors of 24761?
11, 2251
What are the prime factors of 3439?
19, 181
What are the prime factors of 2591?
2591
List the prime factors of 1166.
2, 11, 53
List the prime factors of 51046.
2, 25523
What are the prime factors of 76781?
76781
List the prime factors of 3514.
2, 7, 251
List the prime factors of 3357.
3, 373
List the prime factors of 62440.
2, 5, 7, 223
What are the prime factors of 5792?
2, 181
What are the prime factors of 819?
3, 7, 13
What are the prime factors of 2432?
2, 19
What are the prime factors of 98753?
17, 37, 157
List the prime factors of 25913.
25913
List the prime factors of 9915.
3, 5, 661
What are the prime factors of 2393?
2393
List the prime factors of 4053.
3, 7, 193
List the prime factors of 82373.
82373
What are the prime factors of 881?
881
List the prime factors of 38459.
38459
What are the prime factors of 28752?
2, 3, 599
List the prime factors of 1958.
2, 11, 89
List the prime factors of 10625.
5, 17
What are the prime factors of 486?
2, 3
List the prime factors of 6625.
5, 53
List the prime factors of 4995.
3, 5, 37
List the prime factors of 158496.
2, 3, 13, 127
List the prime factors of 2503.
2503
What are the prime factors of 441?
3, 7
List the prime factors of 431.
431
What are the prime factors of 4848?
2, 3, 101
List the prime factors of 27064.
2, 17, 199
What are the prime factors of 75249?
3, 929
What are the prime factors of 45029?
37, 1217
List the prime factors of 812.
2, 7, 29
What are the prime factors of 2090?
2, 5, 11, 19
What are the prime factors of 14874?
2, 3, 37, 67
What are the prime factors of 23522?
2, 19, 619
List the prime factors of 87629.
87629
List the prime factors of 228.
2, 3, 19
What are the prime factors of 1678?
2, 839
What are the prime factors of 2088?
2, 3, 29
List the prime factors of 58390.
2, 5, 5839
What are the prime factors of 98041?
98041
List the prime factors of 43092.
2, 3, 7, 19
What are the prime factors of 15304?
2, 1913
What are the prime factors of 18083?
13, 107
What are the prime factors of 12179?
19, 641
List the prime factors of 577.
577
What are the prime factors of 75877?
23, 3299
What are the prime factors of 2978?
2, 1489
List the prime factors of 2513.
7, 359
What are the prime factors of 795?
3, 5, 53
What are the prime factors of 642?
2, 3, 107
List the prime factors of 2939.
2939
List the prime factors of 875.
5, 7
List the prime factors of 1104.
2, 3, 23
What are the prime factors of 17574?
2, 3, 29, 101
What are the prime factors of 2207?
2207
What are the prime factors of 44094?
2, 3, 7349
What are the prime factors of 413?
7, 59
List the prime factors of 49325.
5, 1973
What are the prime factors of 2701?
37, 73
What are the prime factors of 12198?
2, 3, 19, 107
Wha